rs of 95216.
2, 11, 541
List the prime factors of 13039.
13, 17, 59
List the prime factors of 506271.
3, 37, 4561
What are the prime factors of 2636315?
5, 11, 47933
What are the prime factors of 833244?
2, 3, 23, 3019
List the prime factors of 62320.
2, 5, 19, 41
List the prime factors of 8370180.
2, 3, 5, 7, 13, 73
What are the prime factors of 833867?
17, 181, 271
What are the prime factors of 373422?
2, 3, 7, 17, 523
List the prime factors of 184433.
17, 19, 571
What are the prime factors of 2436090?
2, 3, 5, 81203
What are the prime factors of 1567147?
1567147
What are the prime factors of 1564423?
7, 4561
What are the prime factors of 8918044?
2, 607, 3673
What are the prime factors of 25965702?
2, 3, 7, 206077
What are the prime factors of 1237688?
2, 131, 1181
List the prime factors of 110681.
110681
List the prime factors of 28248.
2, 3, 11, 107
List the prime factors of 595956.
2, 3, 49663
What are the prime factors of 2325797?
2325797
What are the prime factors of 85942?
2, 97, 443
What are the prime factors of 668178?
2, 3, 7, 5303
What are the prime factors of 545537?
23, 23719
List the prime factors of 1743461.
1743461
List the prime factors of 64708.
2, 7, 2311
What are the prime factors of 582036?
2, 3, 7, 13, 41
List the prime factors of 352145.
5, 70429
What are the prime factors of 4207729?
4207729
What are the prime factors of 3963881?
199, 19919
List the prime factors of 23411686.
2, 17, 19, 36241
List the prime factors of 2775099.
3, 925033
List the prime factors of 4277684.
2, 1069421
List the prime factors of 203456.
2, 11, 17
List the prime factors of 575008.
2, 7, 17, 151
List the prime factors of 1457957.
1457957
What are the prime factors of 21038411?
79, 3371
List the prime factors of 400645.
5, 7, 11447
List the prime factors of 261802.
2, 223, 587
What are the prime factors of 694423?
97, 7159
What are the prime factors of 4804?
2, 1201
What are the prime factors of 4735081?
13, 191, 1907
What are the prime factors of 95230?
2, 5, 89, 107
What are the prime factors of 298987?
13, 109, 211
List the prime factors of 6683871.
3, 1361, 1637
What are the prime factors of 16087088?
2, 41, 137, 179
List the prime factors of 556504.
2, 13, 5351
List the prime factors of 12730308.
2, 3, 677, 1567
What are the prime factors of 286644?
2, 3, 23887
What are the prime factors of 5333834?
2, 11, 242447
List the prime factors of 1764041.
29, 59, 1031
What are the prime factors of 16374552?
2, 3, 431, 1583
List the prime factors of 4307248.
2, 11, 24473
List the prime factors of 5272594.
2, 59, 44683
List the prime factors of 417594.
2, 3, 79, 881
What are the prime factors of 434690?
2, 5, 17, 2557
What are the prime factors of 455260?
2, 5, 13, 17, 103
What are the prime factors of 2370621?
3, 11, 71837
List the prime factors of 2435765.
5, 619, 787
What are the prime factors of 5071337?
499, 10163
What are the prime factors of 7519107?
3, 47, 53327
What are the prime factors of 239385?
3, 5, 15959
What are the prime factors of 1115070?
2, 3, 5, 11, 31, 109
List the prime factors of 4815707.
13, 370439
List the prime factors of 637712.
2, 39857
What are the prime factors of 7178928?
2, 3, 149561
What are the prime factors of 4656833?
23, 202471
What are the prime factors of 5116717?
5116717
What are the prime factors of 27379?
11, 19, 131
List the prime factors of 498270.
2, 3, 5, 17, 977
What are the prime factors of 1018562?
2, 509281
List the prime factors of 26802368.
2, 418787
List the prime factors of 101800.
2, 5, 509
What are the prime factors of 169317?
3, 6271
What are the prime factors of 19795744?
2, 127, 4871
What are the prime factors of 88357?
149, 593
List the prime factors of 4496541.
3, 7, 277, 773
List the prime factors of 1815417.
3, 43, 4691
What are the prime factors of 21134064?
2, 3, 7, 31, 2029
List the prime factors of 133944.
2, 3, 5581
What are the prime factors of 754115?
5, 47, 3209
What are the prime factors of 4010076?
2, 3, 7, 15913
What are the prime factors of 1738533?
3, 43, 13477
What are the prime factors of 938834?
2, 13, 36109
List the prime factors of 7693960.
2, 5, 23, 8363
What are the prime factors of 688616?
2, 86077
What are the prime factors of 15732477?
3, 1748053
List the prime factors of 327266.
2, 163633
What are the prime factors of 4378201?
4378201
What are the prime factors of 109576?
2, 13697
What are the prime factors of 718491?
3, 139, 1723
List the prime factors of 305477.
305477
List the prime factors of 2093210.
2, 5, 7, 17, 1759
List the prime factors of 11977073.
167, 71719
What are the prime factors of 160254?
2, 3, 29, 307
What are the prime factors of 22140?
2, 3, 5, 41
List the prime factors of 6895128.
2, 3, 287297
What are the prime factors of 2819499?
3, 97, 9689
What are the prime factors of 20579?
13, 1583
What are the prime factors of 2246432?
2, 70201
What are the prime factors of 661352?
2, 19, 229
What are the prime factors of 3497266?
2, 67, 26099
What are the prime factors of 9581039?
13, 37, 19919
List the prime factors of 153151.
153151
List the prime factors of 132900.
2, 3, 5, 443
What are the prime factors of 168226?
2, 19, 233
What are the prime factors of 7809978?
2, 3, 11, 73, 1621
List the prime factors of 274477.
7, 113, 347
What are the prime factors of 691482?
2, 3, 11, 10477
What are the prime factors of 371965?
5, 11, 6763
List the prime factors of 215281.
11, 19571
What are the prime factors of 1155111?
3, 83, 4639
List the prime factors of 3295036.
2, 823759
What are the prime factors of 624704?
2, 43, 227
What are the prime factors of 120010?
2, 5, 11, 1091
What are the prime factors of 1721889?
3, 13, 14717
List the prime factors of 18049103.
59, 305917
What are the prime factors of 56226?
2, 3, 9371
What are the prime factors of 289725?
3, 5, 3863
List the prime factors of 396614.
2, 31, 6397
What are the prime factors of 151726?
2, 107, 709
What are the prime factors of 4161714?
2, 3, 693619
What are the prime factors of 19168418?
2, 17, 563777
What are the prime factors of 121097?
83, 1459
List the prime factors of 1088650.
2, 5, 21773
List the prime factors of 5324100.
2, 3, 5, 17747
What are the prime factors of 1596793?
11, 17, 8539
What are the prime factors of 680631?
3, 7, 32411
What are the prime factors of 881145?
3, 5, 61, 107
List the prime factors of 45557.
45557
What are the prime factors of 5765403?
3, 7, 29, 9467
List the prime factors of 277959.
3, 11, 8423
What are the prime factors of 6156042?
2, 3, 23, 31, 1439
List the prime factors of 11658567.
3, 557, 6977
What are the prime factors of 1537742?
2, 53, 89, 163
What are the prime factors of 621627?
3, 109, 1901
List the prime factors of 1207441.
1207441
List the prime factors of 12535643.
12535643
What are the prime factors of 842497?
842497
List the prime factors of 227582.
2, 19, 53, 113
List the prime factors of 241959.
3, 59, 1367
What are the prime factors of 3686296?
2, 460787
What are the prime factors of 1800851?
13, 83, 1669
List the prime factors of 2241912.
2, 3, 109, 857
What are the prime factors of 35170626?
2, 3, 521, 11251
What are the prime factors of 1757617?
1757617
List the prime factors of 95694.
2, 3, 41, 389
List the prime factors of 26092788.
2, 3, 2174399
List the prime factors of 4921993.
17, 419, 691
What are the prime factors of 10860209?
23, 43, 79, 139
List the prime factors of 12851989.
431, 29819
List the prime factors of 25872725.
5, 17, 3581
What are the prime factors of 6467932?
2, 1616983
List the prime factors of 566796.
2, 3, 149, 317
List the prime factors of 1297204.
2, 324301
List the prime factors of 1626142.
2, 7, 41, 2833
What are the prime factors of 1663802?
2, 7, 118843
List the prime factors of 163213.
227, 719
What are the prime factors of 4283078?
2, 797, 2687
List the prime factors of 272869.
353, 773
What are the prime factors of 10203756?
2, 3, 701, 1213
What are the prime factors of 114681?
3, 7, 43, 127
List the prime factors of 1509749.
1509749
List the prime factors of 2016444.
2, 3, 168037
What are the prime factors of 4254376?
2, 7, 10853
What are the prime factors of 1217365?
5, 243473
What are the prime factors of 338910?
2, 3, 5, 11, 13, 79
List the prime factors of 497437.
17, 29, 1009
What are 